{"id":2808,"date":"2018-04-24T09:46:29","date_gmt":"2018-04-24T12:46:29","guid":{"rendered":"http:\/\/www.encontrasaobernardo.com.br\/sobre\/?page_id=2808"},"modified":"2018-04-24T09:46:41","modified_gmt":"2018-04-24T12:46:41","slug":"sesi-sao-bernardo","status":"publish","type":"page","link":"https:\/\/www.encontrasaobernardo.com.br\/sobre\/sesi-sao-bernardo\/","title":{"rendered":"Sesi S\u00e3o Bernardo"},"content":{"rendered":"<div class=\"b7a9cc72b38518383f4213f1240ff05a\" data-index=\"1\" style=\"float: none; margin:0px;\">\n<!-- Anuncio display - global -->\r\n<ins class=\"adsbygoogle\"\r\n     style=\"display:block\"\r\n     data-ad-client=\"ca-pub-8585364105181520\"\r\n     data-ad-slot=\"8789329856\"\r\n     data-ad-format=\"auto\"\r\n     data-full-width-responsive=\"true\"><\/ins>\r\n<script>\r\n     (adsbygoogle = window.adsbygoogle || []).push({});\r\n<\/script>\n<\/div>\n<p>O Servi\u00e7o Social da Ind\u00fastria \u2013 SESI \u00e9 uma entidade de direito privado, nos termos da lei civil, estruturada em base federativa para prestar assist\u00eancia social aos trabalhadores industriais e de atividades assemelhadas em todo o pa\u00eds.<\/p>\n<p>O\u00a0<strong>Sesi S\u00e3o Bernardo<\/strong>\u00a0\u00e9 parceiro das empresas, fornecendo apoio ativo na implanta\u00e7\u00e3o e desenvolvimento de projetos de benef\u00edcios sociais para funcion\u00e1rios<\/p>\n<p><img loading=\"lazy\" decoding=\"async\" class=\"alignnone wp-image-2809 size-full\" title=\"Sesi S\u00e3o Bernardo\" src=\"http:\/\/www.encontrasaobernardo.com.br\/sobre\/wp-content\/uploads\/2018\/04\/sesi-sao-bernado.gif\" alt=\"Sesi S\u00e3o Bernardo\" width=\"680\" height=\"189\" \/><\/p>\n<p>O\u00a0<strong>Centro de Atividades Albano Franco | SESI S\u00e3o Bernardo do Campo\u00a0<\/strong>iniciou suas atividades em 1984, atrav\u00e9s de conv\u00eanio firmado com a Prefeitura Municipal. A unidade oferece solu\u00e7\u00f5es para as empresas industriais brasileiras por meio de uma rede integrada, que engloba atividades de educa\u00e7\u00e3o, seguran\u00e7a e sa\u00fade do trabalho, cultura e qualidade de vida.<\/p>\n<h2>Sobre Sesi\u00a0S\u00e3o Bernardo\u00a0Inscri\u00e7\u00e3o<\/h2>\n<p>Fique atento ao site do Sesi para saber as datas das\u00a0<em>inscri\u00e7\u00f5es<\/em> dos cursos.<\/p>\n<h3>Hor\u00e1rio de Funcionamento Sesi\u00a0em\u00a0S\u00e3o Bernardo<\/h3>\n<ul>\n<li>Segunda a Sexta: das 08h \u00e0s\u00a020h<\/li>\n<\/ul>\n<h3>Endere\u00e7o e Telefone Sesi\u00a0em\u00a0S\u00e3o Bernardo<\/h3>\n<ul>\n<li>R. Su\u00e9cia, 900 &#8211; Assun\u00e7\u00e3o &#8211; S\u00e3o Bernardo do Campo &#8211; SP<\/li>\n<li>Telefone: (11) 4344-1000<\/li>\n<\/ul>\n<h4>Outras informa\u00e7\u00f5es e site<\/h4>\n<ul>\n<li>Mais informa\u00e7\u00f5es:\u00a0<a href=\"https:\/\/saobernardo.sesisp.org.br\" target=\"_blank\" rel=\"noopener noreferrer\">www.saobernardo.sesisp.org.br<\/a><\/li>\n<\/ul>\n<h4>Mapa de localiza\u00e7\u00e3o<\/h4>\n<a class=\"wp-colorbox-iframe\" href=\"https:\/\/www.google.com\/maps\/embed?pb=!1m14!1m8!1m3!1d14611.805389203915!2d-46.57525!3d-23.7134314!3m2!1i1024!2i768!4f13.1!3m3!1m2!1s0x00x913121a36125b27!2sSESI+So+Bernardo+do+Campo!5e0!3m2!1spt-BR!2sbr!4v1524573792020\"><img decoding=\"async\" src=\"http:\/\/www.encontrasaobernardo.com.br\/imgs\/maps-post.png\"><\/a>\n\n<div style=\"font-size: 0px; height: 0px; line-height: 0px; margin: 0; padding: 0; clear: both;\"><\/div>","protected":false},"excerpt":{"rendered":"<p>O Servi\u00e7o Social da Ind\u00fastria \u2013 SESI \u00e9 uma entidade de direito privado, nos termos da lei civil, estruturada em base federativa para prestar assist\u00eancia social aos trabalhadores industriais e de atividades assemelhadas em todo o pa\u00eds. O\u00a0Sesi S\u00e3o Bernardo\u00a0\u00e9 parceiro das empresas, fornecendo apoio ativo na implanta\u00e7\u00e3o e desenvolvimento de projetos de benef\u00edcios sociais para funcion\u00e1rios O\u00a0Centro de Atividades Albano Franco | SESI S\u00e3o Bernardo do Campo\u00a0iniciou suas atividades em 1984, atrav\u00e9s de conv\u00eanio firmado com a Prefeitura Municipal. A unidade oferece solu\u00e7\u00f5es para as empresas industriais brasileiras por meio de uma rede integrada, que engloba atividades de educa\u00e7\u00e3o, <\/p>\n","protected":false},"author":1,"featured_media":0,"parent":0,"menu_order":0,"comment_status":"closed","ping_status":"closed","template":"","meta":{"footnotes":""},"class_list":["post-2808","page","type-page","status-publish","hentry"],"aioseo_notices":[],"_links":{"self":[{"href":"https:\/\/www.encontrasaobernardo.com.br\/sobre\/wp-json\/wp\/v2\/pages\/2808","targetHints":{"allow":["GET"]}}],"collection":[{"href":"https:\/\/www.encontrasaobernardo.com.br\/sobre\/wp-json\/wp\/v2\/pages"}],"about":[{"href":"https:\/\/www.encontrasaobernardo.com.br\/sobre\/wp-json\/wp\/v2\/types\/page"}],"author":[{"embeddable":true,"href":"https:\/\/www.encontrasaobernardo.com.br\/sobre\/wp-json\/wp\/v2\/users\/1"}],"replies":[{"embeddable":true,"href":"https:\/\/www.encontrasaobernardo.com.br\/sobre\/wp-json\/wp\/v2\/comments?post=2808"}],"version-history":[{"count":0,"href":"https:\/\/www.encontrasaobernardo.com.br\/sobre\/wp-json\/wp\/v2\/pages\/2808\/revisions"}],"wp:attachment":[{"href":"https:\/\/www.encontrasaobernardo.com.br\/sobre\/wp-json\/wp\/v2\/media?parent=2808"}],"curies":[{"name":"wp","href":"https:\/\/api.w.org\/{rel}","templated":true}]}}

Sesi São Bernardo

<div class="b7a9cc72b38518383f4213f1240ff05a" data-index="1" style="float: none; margin:0px;">
<!-- Anuncio display - global -->
<ins class="adsbygoogle"
     style="display:block"
     data-ad-client="ca-pub-8585364105181520"
     data-ad-slot="8789329856"
     data-ad-format="auto"
     data-full-width-responsive="true"></ins>
<script>
     (adsbygoogle = window.adsbygoogle || []).push({});
</script>
</div>
<p>O Serviço Social da Indústria – SESI é uma entidade de direito privado, nos termos da lei civil, estruturada em base federativa para prestar assistência social aos trabalhadores industriais e de atividades assemelhadas em todo o país.</p>
<p>O <strong>Sesi São Bernardo</strong> é parceiro das empresas, fornecendo apoio ativo na implantação e desenvolvimento de projetos de benefícios sociais para funcionários</p>
<p><img loading="lazy" decoding="async" class="alignnone wp-image-2809 size-full" title="Sesi São Bernardo" src="http://www.encontrasaobernardo.com.br/sobre/wp-content/uploads/2018/04/sesi-sao-bernado.gif" alt="Sesi São Bernardo" width="680" height="189" /></p>
<p>O <strong>Centro de Atividades Albano Franco | SESI São Bernardo do Campo </strong>iniciou suas atividades em 1984, através de convênio firmado com a Prefeitura Municipal. A unidade oferece soluções para as empresas industriais brasileiras por meio de uma rede integrada, que engloba atividades de educação, segurança e saúde do trabalho, cultura e qualidade de vida.</p>
<h2>Sobre Sesi São Bernardo Inscrição</h2>
<p>Fique atento ao site do Sesi para saber as datas das <em>inscrições</em> dos cursos.</p>
<h3>Horário de Funcionamento Sesi em São Bernardo</h3>
<ul>
<li>Segunda a Sexta: das 08h às 20h</li>
</ul>
<h3>Endereço e Telefone Sesi em São Bernardo</h3>
<ul>
<li>R. Suécia, 900 &#8211; Assunção &#8211; São Bernardo do Campo &#8211; SP</li>
<li>Telefone: (11) 4344-1000</li>
</ul>
<h4>Outras informações e site</h4>
<ul>
<li>Mais informações: <a href="https://saobernardo.sesisp.org.br" target="_blank" rel="noopener noreferrer">www.saobernardo.sesisp.org.br</a></li>
</ul>
<h4>Mapa de localização</h4>
<a class="wp-colorbox-iframe" href="https://www.google.com/maps/embed?pb=!1m14!1m8!1m3!1d14611.805389203915!2d-46.57525!3d-23.7134314!3m2!1i1024!2i768!4f13.1!3m3!1m2!1s0x00x913121a36125b27!2sSESI+So+Bernardo+do+Campo!5e0!3m2!1spt-BR!2sbr!4v1524573792020"><img decoding="async" src="http://www.encontrasaobernardo.com.br/imgs/maps-post.png"></a>

<div style="font-size: 0px; height: 0px; line-height: 0px; margin: 0; padding: 0; clear: both;"></div>

<p>O Serviço Social da Indústria – SESI é uma entidade de direito privado, nos termos da lei civil, estruturada em base federativa para prestar assistência social aos trabalhadores industriais e de atividades assemelhadas em todo o país. O Sesi São Bernardo é parceiro das empresas, fornecendo apoio ativo na implantação e desenvolvimento de projetos de benefícios sociais para funcionários O Centro de Atividades Albano Franco | SESI São Bernardo do Campo iniciou suas atividades em 1984, através de convênio firmado com a Prefeitura Municipal. A unidade oferece soluções para as empresas industriais brasileiras por meio de uma rede integrada, que engloba atividades de educação, </p>
