{"id":2692,"date":"2018-03-21T13:47:59","date_gmt":"2018-03-21T16:47:59","guid":{"rendered":"http:\/\/www.encontrasaobernardo.com.br\/sobre\/?page_id=2692"},"modified":"2018-03-21T13:49:21","modified_gmt":"2018-03-21T16:49:21","slug":"senai-sao-bernardo","status":"publish","type":"page","link":"https:\/\/www.encontrasaobernardo.com.br\/sobre\/senai-sao-bernardo\/","title":{"rendered":"Senai S\u00e3o Bernardo"},"content":{"rendered":"<div class=\"b7a9cc72b38518383f4213f1240ff05a\" data-index=\"1\" style=\"float: none; margin:0px;\">\n<!-- Anuncio display - global -->\r\n<ins class=\"adsbygoogle\"\r\n     style=\"display:block\"\r\n     data-ad-client=\"ca-pub-8585364105181520\"\r\n     data-ad-slot=\"8789329856\"\r\n     data-ad-format=\"auto\"\r\n     data-full-width-responsive=\"true\"><\/ins>\r\n<script>\r\n     (adsbygoogle = window.adsbygoogle || []).push({});\r\n<\/script>\n<\/div>\n<p>A Escola <strong>SENAI S\u00e3o Bernardo<\/strong>\u00a0\u00e9 unidade de ensino que em seus mais de 50 anos de exist\u00eancia, formando para o trabalho e para a vida, tem desenvolvido suas a\u00e7\u00f5es educacionais em estreita sintonia com o meio empresarial no qual est\u00e1 inserida, atenta \u00e0 din\u00e2mica do cen\u00e1rio social, pol\u00edtico, econ\u00f4mico e tecnol\u00f3gico para balizar a oferta de seus produtos educacionais e para direcionar investimentos em adequa\u00e7\u00e3o e moderniza\u00e7\u00e3o dos espa\u00e7os destinados \u00e0 forma\u00e7\u00e3o profissional de seus alunos.<\/p>\n<p><em><img loading=\"lazy\" decoding=\"async\" class=\"alignnone wp-image-2693 size-full\" title=\"Senai S\u00e3o Bernardo\" src=\"http:\/\/www.encontrasaobernardo.com.br\/sobre\/wp-content\/uploads\/2018\/03\/senai-sao-bernardo.gif\" alt=\"Senai S\u00e3o Bernardo\" width=\"680\" height=\"189\" \/><\/em><\/p>\n<p>Localizada em regi\u00e3o central da cidade, bem relacionada com as autoridades municipais e empres\u00e1rios da regi\u00e3o, a escola tem adquirido respeitabilidade e reconhecimento como solu\u00e7\u00e3o para as empresas e comunidade em suas demandas por forma\u00e7\u00e3o profissional e por trabalho. Compreender o mundo que rodeia o aluno tornar-se, para toda a vida, &#8220;amigo da ci\u00eancia&#8221;, dispor de uma cultura geral participativa.<\/p>\n<p>Para permanecer nessa posi\u00e7\u00e3o de vanguarda, a escola mant\u00e9m constante monitoramento dos indicadores de seu desempenho, respondendo, com prontid\u00e3o, sensibilidade e criatividade \u00e0s necessidades de corre\u00e7\u00e3o de rota, de revis\u00e3o de processos, de replanejamento de a\u00e7\u00f5es e de oferta de produtos. Em economias crescentemente tecnificadas, em que ocorre a &#8220;desmaterializa\u00e7\u00e3o&#8221; do trabalho e cresce a import\u00e2ncia dos servi\u00e7os entre as atividades assalariadas e em que o trabalho na economia informal \u00e9 constante, deixa-se a no\u00e7\u00e3o relativamente simples de qualifica\u00e7\u00e3o profissional. Passa-se para outra no\u00e7\u00e3o, mais ampla e sofisticada de compet\u00eancias, capaz de tornar as pessoas aptas a enfrentar numerosas situa\u00e7\u00f5es e a trabalharem equipe. Issoocorre nas diversas experi\u00eancias sociais e de trabalho que se apresentam ao longo de toda a vida.<\/p>\n<h3>Senai\u00a0S\u00e3o Bernardo Bolsa de Estudos<\/h3>\n<p>O\u00a0Senai\u00a0S\u00e3o Bernardo oferece aos interessados bolsas de estudos. S\u00e3o elas: parciais ou integrais nos cursos de:<em><br \/>\n<\/em><\/p>\n<ul>\n<li>Nos cursos de Aprendizagem Industrial e T\u00e9cnico, as bolsas s\u00e3o sempre integrais.<\/li>\n<li>No Curso Superior (Gradua\u00e7\u00e3o), podem ser concedidas bolsas parciais.<\/li>\n<li>Em cursos livres com mais de 160 horas, podem ser concedidas bolsas integrais.<\/li>\n<\/ul>\n<p>Para se inscrever, \u00e9 preciso:<\/p>\n<ul>\n<li>Ter 18 anos ou mais, na data de in\u00edcio do curso;<\/li>\n<li>N\u00e3o ser bolsista em outro curso no Senai-SP;<\/li>\n<li>Atender aos requisitos para ingresso no curso escolhido.<\/li>\n<\/ul>\n<p>Ap\u00f3s a inscri\u00e7\u00e3o dos candidatos, caso o n\u00famero de inscritos supere o total de vagas, haver\u00e1 classifica\u00e7\u00e3o com base em:<\/p>\n<ul>\n<li>Situa\u00e7\u00e3o de emprego, em que ter\u00e1 prioridade o candidato desempregado;<\/li>\n<li>Grau de escolaridade, em que ter\u00e1 prioridade quem cursou, no m\u00e1ximo, o ensino m\u00e9dio. A prefer\u00eancia \u00e9 ter conclu\u00eddo o ensino m\u00e9dio, em seguida quem est\u00e1 cursando o ensino m\u00e9dio, at\u00e9 chegar \u00e0 escolaridade m\u00ednima prevista como requisito para realizar o curso;<\/li>\n<li>Renda, em que ter\u00e1 prioridade os de menor renda per capita. A renda per capita \u00e9 calculada a partir dos rendimentos e do n\u00famero de pessoas da fam\u00edlia, que moram com o candidato;<\/li>\n<\/ul>\n<h3>Vagas Senai S\u00e3o bernardo \u2013 Trabalhe Conosco<\/h3>\n<p>O Senai\u00a0S\u00e3o Bernardo busca profissionais qualificados, que possam atuar nas \u00e1reas de forma\u00e7\u00e3o profissional e presta\u00e7\u00e3o de servi\u00e7os tecnol\u00f3gicos, bem como em setores de apoio t\u00e9cnico e administrativo.<\/p>\n<p>Acesse o site do Senai para enviar os seus dados e se candidatar a uma\u00a0<em>vaga no Senai S\u00e3o Bernardo<\/em>.<\/p>\n<h3>Hor\u00e1rio de Funcionamento Senai em\u00a0S\u00e3o Bernardo<\/h3>\n<ul>\n<li><strong>Senai Almirante Tamandar\u00e9:<\/strong>\u00a0Segunda a Sexta das 08h \u00e0s 20h e S\u00e1bados das 08h \u00e0s 15h<\/li>\n<li><strong>\u00a0Senai Mario Amato:<\/strong>\u00a0Segunda a Sexta das 07h \u00e0s 23h<\/li>\n<\/ul>\n<h3>Endere\u00e7o e Telefone Senai em\u00a0S\u00e3o Bernardo<\/h3>\n<ul>\n<li><strong>Senai Almirante Tamandar\u00e9:<\/strong> Av. Pereira Barreto, 456 \u2013 Telefone: (11)\u00a04331-6050<\/li>\n<li><strong>Senai Mario Amato:<\/strong> R. Vit\u00f3ria Maria Medice Ramos, 330\u00a0 \u00a0\u2013 Telefone: (11)\u00a04344-5000<\/li>\n<\/ul>\n<h4>Outras informa\u00e7\u00f5es e site<\/h4>\n<ul>\n<li>Mais informa\u00e7\u00f5es:\u00a0<a href=\"https:\/\/sbc.sp.senai.br\/\" target=\"_blank\" rel=\"noopener noreferrer\">www.sbc.sp.senai.br<\/a><\/li>\n<\/ul>\n<h4>Mapa de localiza\u00e7\u00e3o\u00a0\u2013 Senai\u00a0Almirante Tamandar\u00e9<\/h4>\n<a class=\"wp-colorbox-iframe\" href=\"https:\/\/www.google.com\/maps\/embed?pb=!1m18!1m12!1m3!1d3653.4717500797665!2d-46.55211968501971!3d-23.694841884616718!2m3!1f0!2f0!3f0!3m2!1i1024!2i768!4f13.1!3m3!1m2!1s0x94ce4236aa0d7d050xb09bbcdeaf7febab!2sAv.+Pereira+Barreto+456+-+Baeta+Neves+So+Bernardo+do+Campo+-+SP+09751-000!5e0!3m2!1spt-BR!2sbr!4v1521650599855\"><img decoding=\"async\" src=\"http:\/\/www.encontrasaobernardo.com.br\/imgs\/maps-post.png\"><\/a>\n\n<div style=\"font-size: 0px; height: 0px; line-height: 0px; margin: 0; padding: 0; clear: both;\"><\/div>","protected":false},"excerpt":{"rendered":"<p>A Escola SENAI S\u00e3o Bernardo\u00a0\u00e9 unidade de ensino que em seus mais de 50 anos de exist\u00eancia, formando para o trabalho e para a vida, tem desenvolvido suas a\u00e7\u00f5es educacionais em estreita sintonia com o meio empresarial no qual est\u00e1 inserida, atenta \u00e0 din\u00e2mica do cen\u00e1rio social, pol\u00edtico, econ\u00f4mico e tecnol\u00f3gico para balizar a oferta de seus produtos educacionais e para direcionar investimentos em adequa\u00e7\u00e3o e moderniza\u00e7\u00e3o dos espa\u00e7os destinados \u00e0 forma\u00e7\u00e3o profissional de seus alunos. Localizada em regi\u00e3o central da cidade, bem relacionada com as autoridades municipais e empres\u00e1rios da regi\u00e3o, a escola tem adquirido respeitabilidade e reconhecimento como <\/p>\n","protected":false},"author":1,"featured_media":0,"parent":0,"menu_order":0,"comment_status":"closed","ping_status":"closed","template":"","meta":{"footnotes":""},"class_list":["post-2692","page","type-page","status-publish","hentry"],"aioseo_notices":[],"_links":{"self":[{"href":"https:\/\/www.encontrasaobernardo.com.br\/sobre\/wp-json\/wp\/v2\/pages\/2692","targetHints":{"allow":["GET"]}}],"collection":[{"href":"https:\/\/www.encontrasaobernardo.com.br\/sobre\/wp-json\/wp\/v2\/pages"}],"about":[{"href":"https:\/\/www.encontrasaobernardo.com.br\/sobre\/wp-json\/wp\/v2\/types\/page"}],"author":[{"embeddable":true,"href":"https:\/\/www.encontrasaobernardo.com.br\/sobre\/wp-json\/wp\/v2\/users\/1"}],"replies":[{"embeddable":true,"href":"https:\/\/www.encontrasaobernardo.com.br\/sobre\/wp-json\/wp\/v2\/comments?post=2692"}],"version-history":[{"count":0,"href":"https:\/\/www.encontrasaobernardo.com.br\/sobre\/wp-json\/wp\/v2\/pages\/2692\/revisions"}],"wp:attachment":[{"href":"https:\/\/www.encontrasaobernardo.com.br\/sobre\/wp-json\/wp\/v2\/media?parent=2692"}],"curies":[{"name":"wp","href":"https:\/\/api.w.org\/{rel}","templated":true}]}}

Senai São Bernardo

<div class="b7a9cc72b38518383f4213f1240ff05a" data-index="1" style="float: none; margin:0px;">
<!-- Anuncio display - global -->
<ins class="adsbygoogle"
     style="display:block"
     data-ad-client="ca-pub-8585364105181520"
     data-ad-slot="8789329856"
     data-ad-format="auto"
     data-full-width-responsive="true"></ins>
<script>
     (adsbygoogle = window.adsbygoogle || []).push({});
</script>
</div>
<p>A Escola <strong>SENAI São Bernardo</strong> é unidade de ensino que em seus mais de 50 anos de existência, formando para o trabalho e para a vida, tem desenvolvido suas ações educacionais em estreita sintonia com o meio empresarial no qual está inserida, atenta à dinâmica do cenário social, político, econômico e tecnológico para balizar a oferta de seus produtos educacionais e para direcionar investimentos em adequação e modernização dos espaços destinados à formação profissional de seus alunos.</p>
<p><em><img loading="lazy" decoding="async" class="alignnone wp-image-2693 size-full" title="Senai São Bernardo" src="http://www.encontrasaobernardo.com.br/sobre/wp-content/uploads/2018/03/senai-sao-bernardo.gif" alt="Senai São Bernardo" width="680" height="189" /></em></p>
<p>Localizada em região central da cidade, bem relacionada com as autoridades municipais e empresários da região, a escola tem adquirido respeitabilidade e reconhecimento como solução para as empresas e comunidade em suas demandas por formação profissional e por trabalho. Compreender o mundo que rodeia o aluno tornar-se, para toda a vida, &#8220;amigo da ciência&#8221;, dispor de uma cultura geral participativa.</p>
<p>Para permanecer nessa posição de vanguarda, a escola mantém constante monitoramento dos indicadores de seu desempenho, respondendo, com prontidão, sensibilidade e criatividade às necessidades de correção de rota, de revisão de processos, de replanejamento de ações e de oferta de produtos. Em economias crescentemente tecnificadas, em que ocorre a &#8220;desmaterialização&#8221; do trabalho e cresce a importância dos serviços entre as atividades assalariadas e em que o trabalho na economia informal é constante, deixa-se a noção relativamente simples de qualificação profissional. Passa-se para outra noção, mais ampla e sofisticada de competências, capaz de tornar as pessoas aptas a enfrentar numerosas situações e a trabalharem equipe. Issoocorre nas diversas experiências sociais e de trabalho que se apresentam ao longo de toda a vida.</p>
<h3>Senai São Bernardo Bolsa de Estudos</h3>
<p>O Senai São Bernardo oferece aos interessados bolsas de estudos. São elas: parciais ou integrais nos cursos de:<em><br />
</em></p>
<ul>
<li>Nos cursos de Aprendizagem Industrial e Técnico, as bolsas são sempre integrais.</li>
<li>No Curso Superior (Graduação), podem ser concedidas bolsas parciais.</li>
<li>Em cursos livres com mais de 160 horas, podem ser concedidas bolsas integrais.</li>
</ul>
<p>Para se inscrever, é preciso:</p>
<ul>
<li>Ter 18 anos ou mais, na data de início do curso;</li>
<li>Não ser bolsista em outro curso no Senai-SP;</li>
<li>Atender aos requisitos para ingresso no curso escolhido.</li>
</ul>
<p>Após a inscrição dos candidatos, caso o número de inscritos supere o total de vagas, haverá classificação com base em:</p>
<ul>
<li>Situação de emprego, em que terá prioridade o candidato desempregado;</li>
<li>Grau de escolaridade, em que terá prioridade quem cursou, no máximo, o ensino médio. A preferência é ter concluído o ensino médio, em seguida quem está cursando o ensino médio, até chegar à escolaridade mínima prevista como requisito para realizar o curso;</li>
<li>Renda, em que terá prioridade os de menor renda per capita. A renda per capita é calculada a partir dos rendimentos e do número de pessoas da família, que moram com o candidato;</li>
</ul>
<h3>Vagas Senai São bernardo – Trabalhe Conosco</h3>
<p>O Senai São Bernardo busca profissionais qualificados, que possam atuar nas áreas de formação profissional e prestação de serviços tecnológicos, bem como em setores de apoio técnico e administrativo.</p>
<p>Acesse o site do Senai para enviar os seus dados e se candidatar a uma <em>vaga no Senai São Bernardo</em>.</p>
<h3>Horário de Funcionamento Senai em São Bernardo</h3>
<ul>
<li><strong>Senai Almirante Tamandaré:</strong> Segunda a Sexta das 08h às 20h e Sábados das 08h às 15h</li>
<li><strong> Senai Mario Amato:</strong> Segunda a Sexta das 07h às 23h</li>
</ul>
<h3>Endereço e Telefone Senai em São Bernardo</h3>
<ul>
<li><strong>Senai Almirante Tamandaré:</strong> Av. Pereira Barreto, 456 – Telefone: (11) 4331-6050</li>
<li><strong>Senai Mario Amato:</strong> R. Vitória Maria Medice Ramos, 330   – Telefone: (11) 4344-5000</li>
</ul>
<h4>Outras informações e site</h4>
<ul>
<li>Mais informações: <a href="https://sbc.sp.senai.br/" target="_blank" rel="noopener noreferrer">www.sbc.sp.senai.br</a></li>
</ul>
<h4>Mapa de localização – Senai Almirante Tamandaré</h4>
<a class="wp-colorbox-iframe" href="https://www.google.com/maps/embed?pb=!1m18!1m12!1m3!1d3653.4717500797665!2d-46.55211968501971!3d-23.694841884616718!2m3!1f0!2f0!3f0!3m2!1i1024!2i768!4f13.1!3m3!1m2!1s0x94ce4236aa0d7d050xb09bbcdeaf7febab!2sAv.+Pereira+Barreto+456+-+Baeta+Neves+So+Bernardo+do+Campo+-+SP+09751-000!5e0!3m2!1spt-BR!2sbr!4v1521650599855"><img decoding="async" src="http://www.encontrasaobernardo.com.br/imgs/maps-post.png"></a>

<div style="font-size: 0px; height: 0px; line-height: 0px; margin: 0; padding: 0; clear: both;"></div>

<p>A Escola SENAI São Bernardo é unidade de ensino que em seus mais de 50 anos de existência, formando para o trabalho e para a vida, tem desenvolvido suas ações educacionais em estreita sintonia com o meio empresarial no qual está inserida, atenta à dinâmica do cenário social, político, econômico e tecnológico para balizar a oferta de seus produtos educacionais e para direcionar investimentos em adequação e modernização dos espaços destinados à formação profissional de seus alunos. Localizada em região central da cidade, bem relacionada com as autoridades municipais e empresários da região, a escola tem adquirido respeitabilidade e reconhecimento como </p>
