{"id":2670,"date":"2018-03-18T09:24:15","date_gmt":"2018-03-18T12:24:15","guid":{"rendered":"http:\/\/www.encontrasaobernardo.com.br\/sobre\/?page_id=2670"},"modified":"2018-03-18T09:25:46","modified_gmt":"2018-03-18T12:25:46","slug":"sao-bernardo-plaza","status":"publish","type":"page","link":"https:\/\/www.encontrasaobernardo.com.br\/sobre\/sao-bernardo-plaza\/","title":{"rendered":"S\u00e3o Bernardo Plaza"},"content":{"rendered":"<div class=\"b7a9cc72b38518383f4213f1240ff05a\" data-index=\"1\" style=\"float: none; margin:0px;\">\n<!-- Anuncio display - global -->\r\n<ins class=\"adsbygoogle\"\r\n     style=\"display:block\"\r\n     data-ad-client=\"ca-pub-8585364105181520\"\r\n     data-ad-slot=\"8789329856\"\r\n     data-ad-format=\"auto\"\r\n     data-full-width-responsive=\"true\"><\/ins>\r\n<script>\r\n     (adsbygoogle = window.adsbygoogle || []).push({});\r\n<\/script>\n<\/div>\n<p>O <strong>S\u00e3o Bernardo Plaza<\/strong> Shopping foi constru\u00eddo para ser um ponto de refer\u00eancia em lazer, cultura, passeio e compras para a regi\u00e3o.\u00a0 O empreendimento conta com mais de 200 lojas, 11 \u00e2ncoras\u00a0 e 9 megalojas; op\u00e7\u00f5es completas de lazer para toda a fam\u00edlia com oito salas de cinema da rede Cin\u00e9polis, sendo uma delas a primeira 4D da regi\u00e3o do ABC, um moderno boliche e um parque de jogos infantis; al\u00e9m de uma pra\u00e7a de alimenta\u00e7\u00e3o com grande variedade de op\u00e7\u00f5es gastron\u00f4micas e tr\u00eas restaurantes com espa\u00e7os exclusivos.<\/p>\n<p><img loading=\"lazy\" decoding=\"async\" class=\"alignnone wp-image-2672 size-full\" title=\"S\u00e3o Bernardo Plaza\" src=\"http:\/\/www.encontrasaobernardo.com.br\/sobre\/wp-content\/uploads\/2018\/03\/sao-bernardo-plaza.gif\" alt=\"S\u00e3o Bernardo Plaza\" width=\"680\" height=\"189\" \/><\/p>\n<p>Entre os diferenciais do S\u00e3o Bernardo Plaza Shopping est\u00e3o a ilumina\u00e7\u00e3o natural, com mais de tr\u00eas mil metros quadrados de teto de vidro, uma ampla varanda ao ar livre na \u00e1rea de alimenta\u00e7\u00e3o, com mais de 500 metros quadrados e um andar completo de servi\u00e7os, com a academia Smart Fit, laborat\u00f3rio Lavoisier, Dr. Consulta e uma ag\u00eancia Caixa Econ\u00f4mica Federal.<\/p>\n<h2>S\u00e3o Bernardo Plaza Shopping Cin\u00e9polis<\/h2>\n<p>A <em>Cin\u00e9polis<\/em> \u00e9 a maior operadora de cinemas na Am\u00e9rica Latina e a segunda no mundo com opera\u00e7\u00e3o de mais de 4.500 salas em treze pa\u00edses. Desde sua chegada ao Brasil em 2010, \u00e9 a rede com maior crescimento no mercado. Atualmente opera 49 cinemas em todo o Brasil com 369 salas com marcas destaque como Macro XE e IMAX. A Cin\u00e9polis \u00e9 a maior operadora de salas VIP no pa\u00eds, tamb\u00e9m conta com a tecnologia 4DX \u2013 salas com poltronas com movimentos e instala\u00e7\u00f5es para gerar mais de 20 efeitos especiais sincronizados com o filme.<\/p>\n<h3>Hor\u00e1rio de Funcionamento S\u00e3o Bernardo Plaza<\/h3>\n<ul>\n<li>Segunda a S\u00e1bado das 10h30 \u00e0s 22h30 \/ Domingo das 11h \u00e0s 22h<\/li>\n<\/ul>\n<h3>Endere\u00e7o e Telefone S\u00e3o Bernardo Plaza<\/h3>\n<ul>\n<li>Av. Rotary, 624 &#8211; 1028 &#8211; Ferraz\u00f3polis &#8211; S\u00e3o Bernardo do Campo &#8211; SP<\/li>\n<li>Telefone: (11)\u00a04128-2209<\/li>\n<\/ul>\n<h3>Outras informa\u00e7\u00f5es e site<\/h3>\n<ul>\n<li>Mais informa\u00e7\u00f5es:\u00a0<a href=\"http:\/\/www.shoppingsaobernardoplaza.com.br\/\" target=\"_blank\" rel=\"noopener noreferrer\">www.shoppingsaobernardoplaza.com.br<\/a><\/li>\n<\/ul>\n<h4>Mapa de localiza\u00e7\u00e3o<\/h4>\n<a class=\"wp-colorbox-iframe\" href=\"https:\/\/www.google.com\/maps\/embed?pb=!1m14!1m8!1m3!1d14610.710940973506!2d-46.543049!3d-23.7231997!3m2!1i1024!2i768!4f13.1!3m3!1m2!1s0x00x394857fc3eb531f!2sOVERBOARD!5e0!3m2!1spt-BR!2sbr!4v1521375591578\"><img decoding=\"async\" src=\"http:\/\/www.encontrasaobernardo.com.br\/imgs\/maps-post.png\"><\/a>\n\n<div style=\"font-size: 0px; height: 0px; line-height: 0px; margin: 0; padding: 0; clear: both;\"><\/div>","protected":false},"excerpt":{"rendered":"<p>O S\u00e3o Bernardo Plaza Shopping foi constru\u00eddo para ser um ponto de refer\u00eancia em lazer, cultura, passeio e compras para a regi\u00e3o.\u00a0 O empreendimento conta com mais de 200 lojas, 11 \u00e2ncoras\u00a0 e 9 megalojas; op\u00e7\u00f5es completas de lazer para toda a fam\u00edlia com oito salas de cinema da rede Cin\u00e9polis, sendo uma delas a primeira 4D da regi\u00e3o do ABC, um moderno boliche e um parque de jogos infantis; al\u00e9m de uma pra\u00e7a de alimenta\u00e7\u00e3o com grande variedade de op\u00e7\u00f5es gastron\u00f4micas e tr\u00eas restaurantes com espa\u00e7os exclusivos. Entre os diferenciais do S\u00e3o Bernardo Plaza Shopping est\u00e3o a ilumina\u00e7\u00e3o natural, <\/p>\n","protected":false},"author":1,"featured_media":2672,"parent":0,"menu_order":0,"comment_status":"closed","ping_status":"closed","template":"","meta":{"footnotes":""},"class_list":["post-2670","page","type-page","status-publish","has-post-thumbnail","hentry","has_thumb"],"aioseo_notices":[],"_links":{"self":[{"href":"https:\/\/www.encontrasaobernardo.com.br\/sobre\/wp-json\/wp\/v2\/pages\/2670","targetHints":{"allow":["GET"]}}],"collection":[{"href":"https:\/\/www.encontrasaobernardo.com.br\/sobre\/wp-json\/wp\/v2\/pages"}],"about":[{"href":"https:\/\/www.encontrasaobernardo.com.br\/sobre\/wp-json\/wp\/v2\/types\/page"}],"author":[{"embeddable":true,"href":"https:\/\/www.encontrasaobernardo.com.br\/sobre\/wp-json\/wp\/v2\/users\/1"}],"replies":[{"embeddable":true,"href":"https:\/\/www.encontrasaobernardo.com.br\/sobre\/wp-json\/wp\/v2\/comments?post=2670"}],"version-history":[{"count":0,"href":"https:\/\/www.encontrasaobernardo.com.br\/sobre\/wp-json\/wp\/v2\/pages\/2670\/revisions"}],"wp:featuredmedia":[{"embeddable":true,"href":"https:\/\/www.encontrasaobernardo.com.br\/sobre\/wp-json\/wp\/v2\/media\/2672"}],"wp:attachment":[{"href":"https:\/\/www.encontrasaobernardo.com.br\/sobre\/wp-json\/wp\/v2\/media?parent=2670"}],"curies":[{"name":"wp","href":"https:\/\/api.w.org\/{rel}","templated":true}]}}