{"id":2591,"date":"2017-12-11T17:05:38","date_gmt":"2017-12-11T20:05:38","guid":{"rendered":"http:\/\/www.encontrasaobernardo.com.br\/noticias\/?page_id=2591"},"modified":"2025-10-03T16:57:51","modified_gmt":"2025-10-03T19:57:51","slug":"sobre-sao-bernardo","status":"publish","type":"page","link":"https:\/\/www.encontrasaobernardo.com.br\/sobre\/","title":{"rendered":"Sobre S\u00e3o Bernardo"},"content":{"rendered":"<div class=\"b7a9cc72b38518383f4213f1240ff05a\" data-index=\"1\" style=\"float: none; margin:0px;\">\n<!-- Anuncio display - global -->\r\n<ins class=\"adsbygoogle\"\r\n     style=\"display:block\"\r\n     data-ad-client=\"ca-pub-8585364105181520\"\r\n     data-ad-slot=\"8789329856\"\r\n     data-ad-format=\"auto\"\r\n     data-full-width-responsive=\"true\"><\/ins>\r\n<script>\r\n     (adsbygoogle = window.adsbygoogle || []).push({});\r\n<\/script>\n<\/div>\n<h2>Cidades de S\u00e3o Paulo:<br \/>\nLimites &#8211; Cidades Vizinhas &#8211; Grande ABCD<\/h2>\n<p><img loading=\"lazy\" decoding=\"async\" class=\"size-full wp-image-2583 alignleft\" src=\"https:\/\/www.encontrasaobernardo.com.br\/sobre\/wp-content\/uploads\/2017\/12\/mapa-abc.jpg.gif\" alt=\"\" width=\"281\" height=\"242\" \/><\/p>\n<p>&nbsp;<\/p>\n<p>&nbsp;<\/p>\n<p><a href=\"https:\/\/www.encontraabcd.com.br\/\" target=\"_blank\" rel=\"noopener noreferrer\">ABCD<\/a><br \/>\n<a href=\"https:\/\/www.encontradiadema.com.br\/\" target=\"_blank\" rel=\"noopener noreferrer\">Diadema<\/a><br \/>\n<a href=\"https:\/\/www.encontrasaobernardo.com.br\/\" target=\"_blank\" rel=\"noopener noreferrer\">S\u00e3o Bernardo do Campo<\/a><br \/>\n<a href=\"https:\/\/www.encontrasantoandre.com.br\/\" target=\"_blank\" rel=\"noopener noreferrer\">Santo Andr\u00e9<\/a><br \/>\n<a href=\"https:\/\/www.encontrasaocaetano.com.br\/\" target=\"_blank\" rel=\"noopener noreferrer\">S\u00e3o Caetano<\/a><\/p>\n<p>&nbsp;<\/p>\n<p>&nbsp;<\/p>\n<h3>Dados Principais sobre o S\u00e3o Bernardo<\/h3>\n<p>Anivers\u00e1rio: 20 de agosto\u00a0<img loading=\"lazy\" decoding=\"async\" class=\"wp-image-2585 alignright\" src=\"https:\/\/www.encontrasaobernardo.com.br\/sobre\/wp-content\/uploads\/2017\/12\/brasao-sao-bernardo.jpg\" alt=\"\" width=\"86\" height=\"109\" \/><br \/>\nFunda\u00e7\u00e3o : 1553<br \/>\nGent\u00edlico: S\u00e3o-bernardense<br \/>\nArea: 408,45 Km\u00b2<br \/>\nPopula\u00e7\u00e3o 822.242 hab. (2015)<br \/>\nIDH 0,834- elevado<br \/>\n<a href=\"https:\/\/www.encontrasaobernardo.com.br\/prefeitura-de-sao-bernardo\/\" target=\"_blank\" rel=\"noopener noreferrer\">Prefeitura S\u00e3o Bernardo<img loading=\"lazy\" decoding=\"async\" class=\"size-full wp-image-2584 alignright\" src=\"https:\/\/www.encontrasaobernardo.com.br\/sobre\/wp-content\/uploads\/2017\/12\/bandeira-sao-bernardo.jpg\" alt=\"\" width=\"145\" height=\"93\" \/><\/a><br \/>\nRegi\u00e3o metropolitana S\u00e3o Paulo<\/p>\n<h2>Hist\u00f3ria de S\u00e3o Bernardo do Campo<\/h2>\n<p><img loading=\"lazy\" decoding=\"async\" width=\"565\" height=\"198\" class=\"alignnone size-full wp-image-2582\" style=\"width: 100%; height: auto;\" src=\"https:\/\/www.encontrasaobernardo.com.br\/noticias\/wp-content\/uploads\/2017\/12\/cidade-sao-bernardo.jpg\" alt=\"\" srcset=\"https:\/\/www.encontrasaobernardo.com.br\/sobre\/wp-content\/uploads\/2017\/12\/cidade-sao-bernardo.jpg 565w, https:\/\/www.encontrasaobernardo.com.br\/sobre\/wp-content\/uploads\/2017\/12\/cidade-sao-bernardo-300x105.jpg 300w\" sizes=\"auto, (max-width: 565px) 100vw, 565px\" \/><\/p>\n<p><strong>S\u00e3o Bernardo do Campo<\/strong> \u00e9 um munic\u00edpio brasileiro do estado de S\u00e3o Paulo, na mesorregi\u00e3o Metropolitana de S\u00e3o Paulo e microrregi\u00e3o de S\u00e3o Paulo. A \u00e1rea total do munic\u00edpio \u00e9 de 408,45 km\u00b2 e sua popula\u00e7\u00e3o estimada em 1\u00ba de julho de 2009, segundo o IBGE, era de 810.979 habitantes, o que resulta em uma densidade demogr\u00e1fica de 1.962,5 hab\/km\u00b2. A cidade det\u00e9m esse nome em honra a <a href=\"\/\">S\u00e3o Bernardo<\/a> de Claraval, santo patrono da cidade. \u00c0s vezes os s\u00e3o-bernardenses s\u00e3o chamados de batateiros.<\/p>\n<p><strong>Economia<\/strong><\/p>\n<p>Desde a d\u00e9cada de 1950, a <a href=\"\/\">Cidade S\u00e3o Bernardo<\/a> teve sua economia baseada na ind\u00fastria automobil\u00edstica &#8211; sede das primeiras montadoras de ve\u00edculos do Brasil, tais como Volkswagen, Ford, Scania, Toyota, Mercedes-Benz, Karmann Ghia &#8211; al\u00e9m de ind\u00fastrias de tintas como a Basf, que produz as tintas Suvinil, e das ind\u00fastrias de autope\u00e7as que as suportam e a maior planta industrial do mundo de dentifr\u00edcios da Colgate-Palmolive.<\/p>\n<p>Na d\u00e9cada de 1990, a economia da regi\u00e3o teve uma grande diversifica\u00e7\u00e3o, o que elevou a import\u00e2ncia do setor de servi\u00e7os na cidade. O com\u00e9rcio \u00e9 variado e encontrado em todos os bairros, destacando-se o tradicional com\u00e9rcio da Rua Marechal Deodoro e adjac\u00eancias, e o conhecido nacionalmente Centro Moveleiro da Jurubatuba, que d\u00e1 a S\u00e3o Bernardo do Campo a denomina\u00e7\u00e3o de Capital do M\u00f3vel. A constru\u00e7\u00e3o civil e a reforma urbana se impulsionaram em 2008, com a constru\u00e7\u00e3o do trecho sul do <a href=\"https:\/\/www.rodoanel.org\" target=\"_blank\" rel=\"noopener noreferrer\">Rodoanel<\/a>, um anel vi\u00e1rio da Regi\u00e3o Metropolitana de S\u00e3o Paulo, na Avenida Pery Ronchetti com a duplica\u00e7\u00e3o e canaliza\u00e7\u00e3o do c\u00f3rrego Saracantan, al\u00e9m da constru\u00e7\u00e3o de muitos edif\u00edcios, a maioria residencial, com reformas do Shopping Metr\u00f3pole, do Golden Shopping a inaugura\u00e7\u00e3o do Shopping Cora\u00e7\u00e3o e da nova C\u00e2mara Municipal da Prefeitura da cidade. A cidade de S\u00e3o Bernardo do Campo \u00e9 atendida pelas seguintes rodovias: <a href=\"https:\/\/www.encontrasaobernardo.com.br\/sobre\/rodovia-anchieta-em-sao-bernardo\/\">Rodovia Anchieta<\/a>, <a href=\"https:\/\/www.rodoviadosimigrantes.com.br\/\" target=\"_blank\" rel=\"noopener noreferrer\">Rodovia dos Imigrantes<\/a>, Rodoanel, SP-31 Rodovia \u00cdndio Tibiri\u00e7\u00e1l e Caminho do Mar<\/p>\n<p>Para homenagear a comunidade de moradores desta maravilhosa cidade, o <a href=\"https:\/\/www.encontrasaopaulo.com.br\/\" target=\"_blank\" rel=\"noopener noreferrer\">Encontra S\u00e3o Paulo<\/a> criou o <a href=\"https:\/\/www.encontrasaobernardo.com.br\/\">Encontra S\u00e3o Bernardo<\/a>.<\/p>\n\n<div style=\"font-size: 0px; height: 0px; line-height: 0px; margin: 0; padding: 0; clear: both;\"><\/div>","protected":false},"excerpt":{"rendered":"<p>Cidades de S\u00e3o Paulo: Limites &#8211; Cidades Vizinhas &#8211; Grande ABCD &nbsp; &nbsp; ABCD Diadema S\u00e3o Bernardo do Campo Santo Andr\u00e9 S\u00e3o Caetano &nbsp; &nbsp; Dados Principais sobre o S\u00e3o Bernardo Anivers\u00e1rio: 20 de agosto\u00a0 Funda\u00e7\u00e3o : 1553 Gent\u00edlico: S\u00e3o-bernardense Area: 408,45 Km\u00b2 Popula\u00e7\u00e3o 822.242 hab. (2015) IDH 0,834- elevado Prefeitura S\u00e3o Bernardo Regi\u00e3o metropolitana S\u00e3o Paulo Hist\u00f3ria de S\u00e3o Bernardo do Campo S\u00e3o Bernardo do Campo \u00e9 um munic\u00edpio brasileiro do estado de S\u00e3o Paulo, na mesorregi\u00e3o Metropolitana de S\u00e3o Paulo e microrregi\u00e3o de S\u00e3o Paulo. A \u00e1rea total do munic\u00edpio \u00e9 de 408,45 km\u00b2 e sua popula\u00e7\u00e3o estimada <\/p>\n","protected":false},"author":1,"featured_media":0,"parent":0,"menu_order":0,"comment_status":"closed","ping_status":"closed","template":"","meta":{"footnotes":""},"class_list":["post-2591","page","type-page","status-publish","hentry"],"aioseo_notices":[],"_links":{"self":[{"href":"https:\/\/www.encontrasaobernardo.com.br\/sobre\/wp-json\/wp\/v2\/pages\/2591","targetHints":{"allow":["GET"]}}],"collection":[{"href":"https:\/\/www.encontrasaobernardo.com.br\/sobre\/wp-json\/wp\/v2\/pages"}],"about":[{"href":"https:\/\/www.encontrasaobernardo.com.br\/sobre\/wp-json\/wp\/v2\/types\/page"}],"author":[{"embeddable":true,"href":"https:\/\/www.encontrasaobernardo.com.br\/sobre\/wp-json\/wp\/v2\/users\/1"}],"replies":[{"embeddable":true,"href":"https:\/\/www.encontrasaobernardo.com.br\/sobre\/wp-json\/wp\/v2\/comments?post=2591"}],"version-history":[{"count":0,"href":"https:\/\/www.encontrasaobernardo.com.br\/sobre\/wp-json\/wp\/v2\/pages\/2591\/revisions"}],"wp:attachment":[{"href":"https:\/\/www.encontrasaobernardo.com.br\/sobre\/wp-json\/wp\/v2\/media?parent=2591"}],"curies":[{"name":"wp","href":"https:\/\/api.w.org\/{rel}","templated":true}]}}